{"id":9,"date":"2025-06-03T16:38:37","date_gmt":"2025-06-03T16:38:37","guid":{"rendered":"https:\/\/biza-coast.com\/?page_id=9"},"modified":"2025-06-03T17:54:15","modified_gmt":"2025-06-03T17:54:15","slug":"homepage","status":"publish","type":"page","link":"https:\/\/biza-coast.com\/","title":{"rendered":"Homepage"},"content":{"rendered":"\n<div class=\"wp-block-cover alignfull is-light\" style=\"min-height:100vh;aspect-ratio:unset;\"><video class=\"wp-block-cover__video-background intrinsic-ignore\" autoplay muted loop playsinline src=\"https:\/\/demo.wpzoom.com\/inspiro-lite\/files\/2022\/03\/Pexels-Videos-1409899-1.mp4\" data-object-fit=\"cover\"><\/video><span aria-hidden=\"true\" class=\"wp-block-cover__background has-background-dim-20 has-background-dim\"><\/span><div class=\"wp-block-cover__inner-container has-global-padding is-layout-constrained wp-block-cover-is-layout-constrained\">\n<p class=\"has-text-align-center has-white-color has-text-color has-max-60-font-size\" style=\"font-style:normal;font-weight:900;line-height:1.2\"><strong>D\u00e9couvrez BiZa Coast \u2013 Ma Vie L\u00e0<\/strong><\/p>\n\n\n\n<p class=\"has-text-align-center has-white-color has-text-color has-medium-font-size\"><\/p>\n\n\n\n<p class=\"has-text-align-center has-white-color has-text-color has-medium-font-size\">Nos h\u00e9bergements sont \u00e9quip\u00e9s d\u2019une bouilloire \u00e9lectrique et d\u2019une salle de bains privative avec douche. Certains disposent d\u2019un balcon, d\u2019autres offrent une vue imprenable sur la mer. Tous sont climatis\u00e9s et disposent d\u2019un espace de rangement confortable.<\/p>\n\n\n\n<p class=\"has-text-align-center has-white-color has-text-color has-medium-font-size\">Notre \u00e9tablissement se situe \u00e0 Al Matl\u012bn, \u00e0 seulement 61 km de l\u2019a\u00e9roport de Tunis-Carthage et \u00e0 49 km du parc national et lac d\u2019Ichkeul. Profitez d\u2019un cadre paisible avec terrasse et parking priv\u00e9 gratuit.<\/p>\n\n\n\n<p><\/p>\n\n\n\n<div style=\"height:55px\" aria-hidden=\"true\" class=\"wp-block-spacer\"><\/div>\n\n\n\n<div class=\"wp-block-buttons is-content-justification-center is-layout-flex wp-container-core-buttons-is-layout-a89b3969 wp-block-buttons-is-layout-flex\"><\/div>\n<\/div><\/div>\n\n\n\n<h2 class=\"wp-block-heading has-text-align-center\" style=\"border-radius:0px\">Gallerie<\/h2>\n\n\n\n<figure class=\"wp-block-gallery has-nested-images columns-4 is-cropped has-border-color wp-block-gallery-2 is-layout-flex wp-block-gallery-is-layout-flex\" style=\"border-color:#efe7dc;border-width:16px\">\n<figure class=\"wp-block-image size-large has-custom-border is-style-default wp-duotone-unset-1\" style=\"margin-top:0;margin-bottom:0\"><img loading=\"lazy\" decoding=\"async\" width=\"1024\" height=\"768\" data-id=\"35\" src=\"https:\/\/biza-coast.com\/wp-content\/uploads\/2025\/06\/IMG-20250603-WA0010-1024x768.jpg\" alt=\"\" class=\"wp-image-35\" style=\"border-style:none;border-width:0px;border-radius:0px\" srcset=\"https:\/\/biza-coast.com\/wp-content\/uploads\/2025\/06\/IMG-20250603-WA0010-1024x768.jpg 1024w, https:\/\/biza-coast.com\/wp-content\/uploads\/2025\/06\/IMG-20250603-WA0010-300x225.jpg 300w, https:\/\/biza-coast.com\/wp-content\/uploads\/2025\/06\/IMG-20250603-WA0010.jpg 1280w\" sizes=\"auto, (max-width: 1024px) 100vw, 1024px\" \/><\/figure>\n\n\n\n<figure class=\"wp-block-image size-large\"><img loading=\"lazy\" decoding=\"async\" width=\"1024\" height=\"768\" data-id=\"28\" src=\"https:\/\/biza-coast.com\/wp-content\/uploads\/2025\/06\/IMG-20250603-WA0003-1024x768.jpg\" alt=\"\" class=\"wp-image-28\" srcset=\"https:\/\/biza-coast.com\/wp-content\/uploads\/2025\/06\/IMG-20250603-WA0003-1024x768.jpg 1024w, https:\/\/biza-coast.com\/wp-content\/uploads\/2025\/06\/IMG-20250603-WA0003-300x225.jpg 300w, https:\/\/biza-coast.com\/wp-content\/uploads\/2025\/06\/IMG-20250603-WA0003.jpg 1280w\" sizes=\"auto, (max-width: 1024px) 100vw, 1024px\" \/><\/figure>\n\n\n\n<figure class=\"wp-block-image size-large\"><img loading=\"lazy\" decoding=\"async\" width=\"1024\" height=\"768\" data-id=\"33\" src=\"https:\/\/biza-coast.com\/wp-content\/uploads\/2025\/06\/IMG-20250603-WA0008-1024x768.jpg\" alt=\"\" class=\"wp-image-33\" srcset=\"https:\/\/biza-coast.com\/wp-content\/uploads\/2025\/06\/IMG-20250603-WA0008-1024x768.jpg 1024w, https:\/\/biza-coast.com\/wp-content\/uploads\/2025\/06\/IMG-20250603-WA0008-300x225.jpg 300w, https:\/\/biza-coast.com\/wp-content\/uploads\/2025\/06\/IMG-20250603-WA0008.jpg 1280w\" sizes=\"auto, (max-width: 1024px) 100vw, 1024px\" \/><\/figure>\n\n\n\n<figure class=\"wp-block-image size-large\"><img loading=\"lazy\" decoding=\"async\" width=\"1024\" height=\"768\" data-id=\"49\" src=\"https:\/\/biza-coast.com\/wp-content\/uploads\/2025\/06\/IMG-20250603-WA0024-1024x768.jpg\" alt=\"\" class=\"wp-image-49\" srcset=\"https:\/\/biza-coast.com\/wp-content\/uploads\/2025\/06\/IMG-20250603-WA0024-1024x768.jpg 1024w, https:\/\/biza-coast.com\/wp-content\/uploads\/2025\/06\/IMG-20250603-WA0024-300x225.jpg 300w, https:\/\/biza-coast.com\/wp-content\/uploads\/2025\/06\/IMG-20250603-WA0024.jpg 1280w\" sizes=\"auto, (max-width: 1024px) 100vw, 1024px\" \/><\/figure>\n\n\n\n<figure class=\"wp-block-image size-large\"><img loading=\"lazy\" decoding=\"async\" width=\"1024\" height=\"768\" data-id=\"42\" src=\"https:\/\/biza-coast.com\/wp-content\/uploads\/2025\/06\/IMG-20250603-WA0017-1024x768.jpg\" alt=\"\" class=\"wp-image-42\" srcset=\"https:\/\/biza-coast.com\/wp-content\/uploads\/2025\/06\/IMG-20250603-WA0017-1024x768.jpg 1024w, https:\/\/biza-coast.com\/wp-content\/uploads\/2025\/06\/IMG-20250603-WA0017-300x225.jpg 300w, https:\/\/biza-coast.com\/wp-content\/uploads\/2025\/06\/IMG-20250603-WA0017.jpg 1280w\" sizes=\"auto, (max-width: 1024px) 100vw, 1024px\" \/><\/figure>\n\n\n\n<figure class=\"wp-block-image size-large\"><img loading=\"lazy\" decoding=\"async\" width=\"1024\" height=\"768\" data-id=\"32\" src=\"https:\/\/biza-coast.com\/wp-content\/uploads\/2025\/06\/IMG-20250603-WA0007-1024x768.jpg\" alt=\"\" class=\"wp-image-32\" srcset=\"https:\/\/biza-coast.com\/wp-content\/uploads\/2025\/06\/IMG-20250603-WA0007-1024x768.jpg 1024w, https:\/\/biza-coast.com\/wp-content\/uploads\/2025\/06\/IMG-20250603-WA0007-300x225.jpg 300w, https:\/\/biza-coast.com\/wp-content\/uploads\/2025\/06\/IMG-20250603-WA0007.jpg 1280w\" sizes=\"auto, (max-width: 1024px) 100vw, 1024px\" \/><\/figure>\n\n\n\n<figure class=\"wp-block-image size-large\"><img loading=\"lazy\" decoding=\"async\" width=\"1024\" height=\"768\" data-id=\"31\" src=\"https:\/\/biza-coast.com\/wp-content\/uploads\/2025\/06\/IMG-20250603-WA0006-1024x768.jpg\" alt=\"\" class=\"wp-image-31\" srcset=\"https:\/\/biza-coast.com\/wp-content\/uploads\/2025\/06\/IMG-20250603-WA0006-1024x768.jpg 1024w, https:\/\/biza-coast.com\/wp-content\/uploads\/2025\/06\/IMG-20250603-WA0006-300x225.jpg 300w, https:\/\/biza-coast.com\/wp-content\/uploads\/2025\/06\/IMG-20250603-WA0006.jpg 1280w\" sizes=\"auto, (max-width: 1024px) 100vw, 1024px\" \/><\/figure>\n\n\n\n<figure class=\"wp-block-image size-large\"><img loading=\"lazy\" decoding=\"async\" width=\"1024\" height=\"768\" data-id=\"44\" src=\"https:\/\/biza-coast.com\/wp-content\/uploads\/2025\/06\/IMG-20250603-WA0019-1024x768.jpg\" alt=\"\" class=\"wp-image-44\" srcset=\"https:\/\/biza-coast.com\/wp-content\/uploads\/2025\/06\/IMG-20250603-WA0019-1024x768.jpg 1024w, https:\/\/biza-coast.com\/wp-content\/uploads\/2025\/06\/IMG-20250603-WA0019-300x225.jpg 300w, https:\/\/biza-coast.com\/wp-content\/uploads\/2025\/06\/IMG-20250603-WA0019.jpg 1280w\" sizes=\"auto, (max-width: 1024px) 100vw, 1024px\" \/><\/figure>\n\n\n\n<figure class=\"wp-block-image size-large\"><img loading=\"lazy\" decoding=\"async\" width=\"1024\" height=\"768\" data-id=\"29\" src=\"https:\/\/biza-coast.com\/wp-content\/uploads\/2025\/06\/IMG-20250603-WA0004-1024x768.jpg\" alt=\"\" class=\"wp-image-29\" srcset=\"https:\/\/biza-coast.com\/wp-content\/uploads\/2025\/06\/IMG-20250603-WA0004-1024x768.jpg 1024w, https:\/\/biza-coast.com\/wp-content\/uploads\/2025\/06\/IMG-20250603-WA0004-300x225.jpg 300w, https:\/\/biza-coast.com\/wp-content\/uploads\/2025\/06\/IMG-20250603-WA0004.jpg 1280w\" sizes=\"auto, (max-width: 1024px) 100vw, 1024px\" \/><\/figure>\n\n\n\n<figure class=\"wp-block-image size-large\"><img loading=\"lazy\" decoding=\"async\" width=\"768\" height=\"1024\" data-id=\"38\" src=\"https:\/\/biza-coast.com\/wp-content\/uploads\/2025\/06\/IMG-20250603-WA0013-768x1024.jpg\" alt=\"\" class=\"wp-image-38\" srcset=\"https:\/\/biza-coast.com\/wp-content\/uploads\/2025\/06\/IMG-20250603-WA0013-768x1024.jpg 768w, https:\/\/biza-coast.com\/wp-content\/uploads\/2025\/06\/IMG-20250603-WA0013-225x300.jpg 225w, https:\/\/biza-coast.com\/wp-content\/uploads\/2025\/06\/IMG-20250603-WA0013.jpg 960w\" sizes=\"auto, (max-width: 768px) 100vw, 768px\" \/><\/figure>\n\n\n\n<figure class=\"wp-block-image size-large\"><img loading=\"lazy\" decoding=\"async\" width=\"768\" height=\"1024\" data-id=\"51\" src=\"https:\/\/biza-coast.com\/wp-content\/uploads\/2025\/06\/IMG-20250603-WA0026-768x1024.jpg\" alt=\"\" class=\"wp-image-51\" srcset=\"https:\/\/biza-coast.com\/wp-content\/uploads\/2025\/06\/IMG-20250603-WA0026-768x1024.jpg 768w, https:\/\/biza-coast.com\/wp-content\/uploads\/2025\/06\/IMG-20250603-WA0026-225x300.jpg 225w, https:\/\/biza-coast.com\/wp-content\/uploads\/2025\/06\/IMG-20250603-WA0026.jpg 960w\" sizes=\"auto, (max-width: 768px) 100vw, 768px\" \/><\/figure>\n\n\n\n<figure class=\"wp-block-image size-large\"><img loading=\"lazy\" decoding=\"async\" width=\"1024\" height=\"768\" data-id=\"50\" src=\"https:\/\/biza-coast.com\/wp-content\/uploads\/2025\/06\/IMG-20250603-WA0025-1024x768.jpg\" alt=\"\" class=\"wp-image-50\" srcset=\"https:\/\/biza-coast.com\/wp-content\/uploads\/2025\/06\/IMG-20250603-WA0025-1024x768.jpg 1024w, https:\/\/biza-coast.com\/wp-content\/uploads\/2025\/06\/IMG-20250603-WA0025-300x225.jpg 300w, https:\/\/biza-coast.com\/wp-content\/uploads\/2025\/06\/IMG-20250603-WA0025.jpg 1280w\" sizes=\"auto, (max-width: 1024px) 100vw, 1024px\" \/><\/figure>\n\n\n\n<figure class=\"wp-block-image size-large\"><img loading=\"lazy\" decoding=\"async\" width=\"1024\" height=\"768\" data-id=\"48\" src=\"https:\/\/biza-coast.com\/wp-content\/uploads\/2025\/06\/IMG-20250603-WA0023-1024x768.jpg\" alt=\"\" class=\"wp-image-48\" srcset=\"https:\/\/biza-coast.com\/wp-content\/uploads\/2025\/06\/IMG-20250603-WA0023-1024x768.jpg 1024w, https:\/\/biza-coast.com\/wp-content\/uploads\/2025\/06\/IMG-20250603-WA0023-300x225.jpg 300w, https:\/\/biza-coast.com\/wp-content\/uploads\/2025\/06\/IMG-20250603-WA0023.jpg 1280w\" sizes=\"auto, (max-width: 1024px) 100vw, 1024px\" \/><\/figure>\n\n\n\n<figure class=\"wp-block-image size-large\"><img loading=\"lazy\" decoding=\"async\" width=\"1024\" height=\"768\" data-id=\"47\" src=\"https:\/\/biza-coast.com\/wp-content\/uploads\/2025\/06\/IMG-20250603-WA0022-1024x768.jpg\" alt=\"\" class=\"wp-image-47\" srcset=\"https:\/\/biza-coast.com\/wp-content\/uploads\/2025\/06\/IMG-20250603-WA0022-1024x768.jpg 1024w, https:\/\/biza-coast.com\/wp-content\/uploads\/2025\/06\/IMG-20250603-WA0022-300x225.jpg 300w, https:\/\/biza-coast.com\/wp-content\/uploads\/2025\/06\/IMG-20250603-WA0022.jpg 1280w\" sizes=\"auto, (max-width: 1024px) 100vw, 1024px\" \/><\/figure>\n\n\n\n<figure class=\"wp-block-image size-large\"><img loading=\"lazy\" decoding=\"async\" width=\"1024\" height=\"768\" data-id=\"46\" src=\"https:\/\/biza-coast.com\/wp-content\/uploads\/2025\/06\/IMG-20250603-WA0021-1024x768.jpg\" alt=\"\" class=\"wp-image-46\" srcset=\"https:\/\/biza-coast.com\/wp-content\/uploads\/2025\/06\/IMG-20250603-WA0021-1024x768.jpg 1024w, https:\/\/biza-coast.com\/wp-content\/uploads\/2025\/06\/IMG-20250603-WA0021-300x225.jpg 300w, https:\/\/biza-coast.com\/wp-content\/uploads\/2025\/06\/IMG-20250603-WA0021.jpg 1280w\" sizes=\"auto, (max-width: 1024px) 100vw, 1024px\" \/><\/figure>\n\n\n\n<figure class=\"wp-block-image size-large\"><img loading=\"lazy\" decoding=\"async\" width=\"1024\" height=\"768\" data-id=\"45\" src=\"https:\/\/biza-coast.com\/wp-content\/uploads\/2025\/06\/IMG-20250603-WA0020-1024x768.jpg\" alt=\"\" class=\"wp-image-45\" srcset=\"https:\/\/biza-coast.com\/wp-content\/uploads\/2025\/06\/IMG-20250603-WA0020-1024x768.jpg 1024w, https:\/\/biza-coast.com\/wp-content\/uploads\/2025\/06\/IMG-20250603-WA0020-300x225.jpg 300w, https:\/\/biza-coast.com\/wp-content\/uploads\/2025\/06\/IMG-20250603-WA0020.jpg 1280w\" sizes=\"auto, (max-width: 1024px) 100vw, 1024px\" \/><\/figure>\n\n\n\n<figure class=\"wp-block-image size-large\"><img loading=\"lazy\" decoding=\"async\" width=\"1024\" height=\"768\" data-id=\"43\" src=\"https:\/\/biza-coast.com\/wp-content\/uploads\/2025\/06\/IMG-20250603-WA0018-1024x768.jpg\" alt=\"\" class=\"wp-image-43\" srcset=\"https:\/\/biza-coast.com\/wp-content\/uploads\/2025\/06\/IMG-20250603-WA0018-1024x768.jpg 1024w, https:\/\/biza-coast.com\/wp-content\/uploads\/2025\/06\/IMG-20250603-WA0018-300x225.jpg 300w, https:\/\/biza-coast.com\/wp-content\/uploads\/2025\/06\/IMG-20250603-WA0018.jpg 1280w\" sizes=\"auto, (max-width: 1024px) 100vw, 1024px\" \/><\/figure>\n\n\n\n<figure class=\"wp-block-image size-large\"><img loading=\"lazy\" decoding=\"async\" width=\"1024\" height=\"768\" data-id=\"41\" src=\"https:\/\/biza-coast.com\/wp-content\/uploads\/2025\/06\/IMG-20250603-WA0016-1024x768.jpg\" alt=\"\" class=\"wp-image-41\" srcset=\"https:\/\/biza-coast.com\/wp-content\/uploads\/2025\/06\/IMG-20250603-WA0016-1024x768.jpg 1024w, https:\/\/biza-coast.com\/wp-content\/uploads\/2025\/06\/IMG-20250603-WA0016-300x225.jpg 300w, https:\/\/biza-coast.com\/wp-content\/uploads\/2025\/06\/IMG-20250603-WA0016.jpg 1280w\" sizes=\"auto, (max-width: 1024px) 100vw, 1024px\" \/><\/figure>\n\n\n\n<figure class=\"wp-block-image size-large\"><img loading=\"lazy\" decoding=\"async\" width=\"768\" height=\"1024\" data-id=\"40\" src=\"https:\/\/biza-coast.com\/wp-content\/uploads\/2025\/06\/IMG-20250603-WA0015-768x1024.jpg\" alt=\"\" class=\"wp-image-40\" srcset=\"https:\/\/biza-coast.com\/wp-content\/uploads\/2025\/06\/IMG-20250603-WA0015-768x1024.jpg 768w, https:\/\/biza-coast.com\/wp-content\/uploads\/2025\/06\/IMG-20250603-WA0015-225x300.jpg 225w, https:\/\/biza-coast.com\/wp-content\/uploads\/2025\/06\/IMG-20250603-WA0015.jpg 960w\" sizes=\"auto, (max-width: 768px) 100vw, 768px\" \/><\/figure>\n\n\n\n<figure class=\"wp-block-image size-large\"><img loading=\"lazy\" decoding=\"async\" width=\"768\" height=\"1024\" data-id=\"39\" src=\"https:\/\/biza-coast.com\/wp-content\/uploads\/2025\/06\/IMG-20250603-WA0014-768x1024.jpg\" alt=\"\" class=\"wp-image-39\" srcset=\"https:\/\/biza-coast.com\/wp-content\/uploads\/2025\/06\/IMG-20250603-WA0014-768x1024.jpg 768w, https:\/\/biza-coast.com\/wp-content\/uploads\/2025\/06\/IMG-20250603-WA0014-225x300.jpg 225w, https:\/\/biza-coast.com\/wp-content\/uploads\/2025\/06\/IMG-20250603-WA0014.jpg 960w\" sizes=\"auto, (max-width: 768px) 100vw, 768px\" \/><\/figure>\n\n\n\n<figure class=\"wp-block-image size-large\"><img loading=\"lazy\" decoding=\"async\" width=\"1024\" height=\"768\" data-id=\"37\" src=\"https:\/\/biza-coast.com\/wp-content\/uploads\/2025\/06\/IMG-20250603-WA0012-1024x768.jpg\" alt=\"\" class=\"wp-image-37\" srcset=\"https:\/\/biza-coast.com\/wp-content\/uploads\/2025\/06\/IMG-20250603-WA0012-1024x768.jpg 1024w, https:\/\/biza-coast.com\/wp-content\/uploads\/2025\/06\/IMG-20250603-WA0012-300x225.jpg 300w, https:\/\/biza-coast.com\/wp-content\/uploads\/2025\/06\/IMG-20250603-WA0012.jpg 1280w\" sizes=\"auto, (max-width: 1024px) 100vw, 1024px\" \/><\/figure>\n\n\n\n<figure class=\"wp-block-image size-large\"><img loading=\"lazy\" decoding=\"async\" width=\"1024\" height=\"577\" data-id=\"36\" src=\"https:\/\/biza-coast.com\/wp-content\/uploads\/2025\/06\/IMG-20250603-WA0011-1024x577.jpg\" alt=\"\" class=\"wp-image-36\" srcset=\"https:\/\/biza-coast.com\/wp-content\/uploads\/2025\/06\/IMG-20250603-WA0011-1024x577.jpg 1024w, https:\/\/biza-coast.com\/wp-content\/uploads\/2025\/06\/IMG-20250603-WA0011-300x169.jpg 300w, https:\/\/biza-coast.com\/wp-content\/uploads\/2025\/06\/IMG-20250603-WA0011.jpg 1136w\" sizes=\"auto, (max-width: 1024px) 100vw, 1024px\" \/><\/figure>\n\n\n\n<figure class=\"wp-block-image size-large\"><img loading=\"lazy\" decoding=\"async\" width=\"1024\" height=\"768\" data-id=\"34\" src=\"https:\/\/biza-coast.com\/wp-content\/uploads\/2025\/06\/IMG-20250603-WA0009-1024x768.jpg\" alt=\"\" class=\"wp-image-34\" srcset=\"https:\/\/biza-coast.com\/wp-content\/uploads\/2025\/06\/IMG-20250603-WA0009-1024x768.jpg 1024w, https:\/\/biza-coast.com\/wp-content\/uploads\/2025\/06\/IMG-20250603-WA0009-300x225.jpg 300w, https:\/\/biza-coast.com\/wp-content\/uploads\/2025\/06\/IMG-20250603-WA0009.jpg 1280w\" sizes=\"auto, (max-width: 1024px) 100vw, 1024px\" \/><\/figure>\n\n\n\n<figure class=\"wp-block-image size-large\"><img loading=\"lazy\" decoding=\"async\" width=\"1024\" height=\"768\" data-id=\"30\" src=\"https:\/\/biza-coast.com\/wp-content\/uploads\/2025\/06\/IMG-20250603-WA0005-1024x768.jpg\" alt=\"\" class=\"wp-image-30\" srcset=\"https:\/\/biza-coast.com\/wp-content\/uploads\/2025\/06\/IMG-20250603-WA0005-1024x768.jpg 1024w, https:\/\/biza-coast.com\/wp-content\/uploads\/2025\/06\/IMG-20250603-WA0005-300x225.jpg 300w, https:\/\/biza-coast.com\/wp-content\/uploads\/2025\/06\/IMG-20250603-WA0005.jpg 1280w\" sizes=\"auto, (max-width: 1024px) 100vw, 1024px\" \/><\/figure>\n\n\n\n<figure class=\"wp-block-image size-large\"><img loading=\"lazy\" decoding=\"async\" width=\"1024\" height=\"768\" data-id=\"27\" src=\"https:\/\/biza-coast.com\/wp-content\/uploads\/2025\/06\/IMG-20250603-WA0028-1024x768.jpg\" alt=\"\" class=\"wp-image-27\" srcset=\"https:\/\/biza-coast.com\/wp-content\/uploads\/2025\/06\/IMG-20250603-WA0028-1024x768.jpg 1024w, https:\/\/biza-coast.com\/wp-content\/uploads\/2025\/06\/IMG-20250603-WA0028-300x225.jpg 300w, https:\/\/biza-coast.com\/wp-content\/uploads\/2025\/06\/IMG-20250603-WA0028.jpg 1280w\" sizes=\"auto, (max-width: 1024px) 100vw, 1024px\" \/><\/figure>\n\n\n\n<figure class=\"wp-block-image size-large\"><img loading=\"lazy\" decoding=\"async\" width=\"768\" height=\"1024\" data-id=\"26\" src=\"https:\/\/biza-coast.com\/wp-content\/uploads\/2025\/06\/IMG-20250603-WA0027-768x1024.jpg\" alt=\"\" class=\"wp-image-26\" srcset=\"https:\/\/biza-coast.com\/wp-content\/uploads\/2025\/06\/IMG-20250603-WA0027-768x1024.jpg 768w, https:\/\/biza-coast.com\/wp-content\/uploads\/2025\/06\/IMG-20250603-WA0027-225x300.jpg 225w, https:\/\/biza-coast.com\/wp-content\/uploads\/2025\/06\/IMG-20250603-WA0027.jpg 960w\" sizes=\"auto, (max-width: 768px) 100vw, 768px\" \/><\/figure>\n<\/figure>\n","protected":false},"excerpt":{"rendered":"<p>Gallerie<\/p>\n","protected":false},"author":1,"featured_media":0,"parent":0,"menu_order":0,"comment_status":"closed","ping_status":"closed","template":"page-templates\/homepage-no-hero.php","meta":{"ngg_post_thumbnail":0,"footnotes":""},"class_list":["post-9","page","type-page","status-publish","hentry"],"yoast_head":"<!-- This site is optimized with the Yoast SEO plugin v25.2 - https:\/\/yoast.com\/wordpress\/plugins\/seo\/ -->\n<title>Homepage - BiZa Coast<\/title>\n<meta name=\"robots\" content=\"index, follow, max-snippet:-1, max-image-preview:large, max-video-preview:-1\" \/>\n<link rel=\"canonical\" href=\"https:\/\/biza-coast.com\/\" \/>\n<meta property=\"og:locale\" content=\"fr_FR\" \/>\n<meta property=\"og:type\" content=\"article\" \/>\n<meta property=\"og:title\" content=\"Homepage - BiZa Coast\" \/>\n<meta property=\"og:description\" content=\"Gallerie\" \/>\n<meta property=\"og:url\" content=\"https:\/\/biza-coast.com\/\" \/>\n<meta property=\"og:site_name\" content=\"BiZa Coast\" \/>\n<meta property=\"article:modified_time\" content=\"2025-06-03T17:54:15+00:00\" \/>\n<meta property=\"og:image\" content=\"https:\/\/biza-coast.com\/wp-content\/uploads\/2025\/06\/IMG-20250603-WA0010.jpg\" \/>\n\t<meta property=\"og:image:width\" content=\"1280\" \/>\n\t<meta property=\"og:image:height\" content=\"960\" \/>\n\t<meta property=\"og:image:type\" content=\"image\/jpeg\" \/>\n<meta name=\"twitter:card\" content=\"summary_large_image\" \/>\n<meta name=\"twitter:label1\" content=\"Dur\u00e9e de lecture estim\u00e9e\" \/>\n\t<meta name=\"twitter:data1\" content=\"6 minutes\" \/>\n<script type=\"application\/ld+json\" class=\"yoast-schema-graph\">{\"@context\":\"https:\/\/schema.org\",\"@graph\":[{\"@type\":\"WebPage\",\"@id\":\"https:\/\/biza-coast.com\/\",\"url\":\"https:\/\/biza-coast.com\/\",\"name\":\"Homepage - BiZa Coast\",\"isPartOf\":{\"@id\":\"https:\/\/biza-coast.com\/#website\"},\"primaryImageOfPage\":{\"@id\":\"https:\/\/biza-coast.com\/#primaryimage\"},\"image\":{\"@id\":\"https:\/\/biza-coast.com\/#primaryimage\"},\"thumbnailUrl\":\"https:\/\/biza-coast.com\/wp-content\/uploads\/2025\/06\/IMG-20250603-WA0010-1024x768.jpg\",\"datePublished\":\"2025-06-03T16:38:37+00:00\",\"dateModified\":\"2025-06-03T17:54:15+00:00\",\"breadcrumb\":{\"@id\":\"https:\/\/biza-coast.com\/#breadcrumb\"},\"inLanguage\":\"fr-FR\",\"potentialAction\":[{\"@type\":\"ReadAction\",\"target\":[\"https:\/\/biza-coast.com\/\"]}]},{\"@type\":\"ImageObject\",\"inLanguage\":\"fr-FR\",\"@id\":\"https:\/\/biza-coast.com\/#primaryimage\",\"url\":\"https:\/\/biza-coast.com\/wp-content\/uploads\/2025\/06\/IMG-20250603-WA0010.jpg\",\"contentUrl\":\"https:\/\/biza-coast.com\/wp-content\/uploads\/2025\/06\/IMG-20250603-WA0010.jpg\",\"width\":1280,\"height\":960},{\"@type\":\"BreadcrumbList\",\"@id\":\"https:\/\/biza-coast.com\/#breadcrumb\",\"itemListElement\":[{\"@type\":\"ListItem\",\"position\":1,\"name\":\"Accueil\",\"item\":\"https:\/\/biza-coast.com\/\"},{\"@type\":\"ListItem\",\"position\":2,\"name\":\"Homepage\"}]},{\"@type\":\"WebSite\",\"@id\":\"https:\/\/biza-coast.com\/#website\",\"url\":\"https:\/\/biza-coast.com\/\",\"name\":\"BiZa Coast\",\"description\":\"\",\"publisher\":{\"@id\":\"https:\/\/biza-coast.com\/#organization\"},\"potentialAction\":[{\"@type\":\"SearchAction\",\"target\":{\"@type\":\"EntryPoint\",\"urlTemplate\":\"https:\/\/biza-coast.com\/?s={search_term_string}\"},\"query-input\":{\"@type\":\"PropertyValueSpecification\",\"valueRequired\":true,\"valueName\":\"search_term_string\"}}],\"inLanguage\":\"fr-FR\"},{\"@type\":\"Organization\",\"@id\":\"https:\/\/biza-coast.com\/#organization\",\"name\":\"BiZa Coast\",\"url\":\"https:\/\/biza-coast.com\/\",\"logo\":{\"@type\":\"ImageObject\",\"inLanguage\":\"fr-FR\",\"@id\":\"https:\/\/biza-coast.com\/#\/schema\/logo\/image\/\",\"url\":\"https:\/\/biza-coast.com\/wp-content\/uploads\/2025\/06\/cropped-a-logo-design-featuring-a-flowing-elegan_P3ZLV_SqQwu2HespQgzxpA_7s5iTuAUQP6lYK8U5Eum6w.jpeg\",\"contentUrl\":\"https:\/\/biza-coast.com\/wp-content\/uploads\/2025\/06\/cropped-a-logo-design-featuring-a-flowing-elegan_P3ZLV_SqQwu2HespQgzxpA_7s5iTuAUQP6lYK8U5Eum6w.jpeg\",\"width\":720,\"height\":658,\"caption\":\"BiZa Coast\"},\"image\":{\"@id\":\"https:\/\/biza-coast.com\/#\/schema\/logo\/image\/\"}}]}<\/script>\n<!-- \/ Yoast SEO plugin. -->","yoast_head_json":{"title":"Homepage - BiZa Coast","robots":{"index":"index","follow":"follow","max-snippet":"max-snippet:-1","max-image-preview":"max-image-preview:large","max-video-preview":"max-video-preview:-1"},"canonical":"https:\/\/biza-coast.com\/","og_locale":"fr_FR","og_type":"article","og_title":"Homepage - BiZa Coast","og_description":"Gallerie","og_url":"https:\/\/biza-coast.com\/","og_site_name":"BiZa Coast","article_modified_time":"2025-06-03T17:54:15+00:00","og_image":[{"width":1280,"height":960,"url":"https:\/\/biza-coast.com\/wp-content\/uploads\/2025\/06\/IMG-20250603-WA0010.jpg","type":"image\/jpeg"}],"twitter_card":"summary_large_image","twitter_misc":{"Dur\u00e9e de lecture estim\u00e9e":"6 minutes"},"schema":{"@context":"https:\/\/schema.org","@graph":[{"@type":"WebPage","@id":"https:\/\/biza-coast.com\/","url":"https:\/\/biza-coast.com\/","name":"Homepage - BiZa Coast","isPartOf":{"@id":"https:\/\/biza-coast.com\/#website"},"primaryImageOfPage":{"@id":"https:\/\/biza-coast.com\/#primaryimage"},"image":{"@id":"https:\/\/biza-coast.com\/#primaryimage"},"thumbnailUrl":"https:\/\/biza-coast.com\/wp-content\/uploads\/2025\/06\/IMG-20250603-WA0010-1024x768.jpg","datePublished":"2025-06-03T16:38:37+00:00","dateModified":"2025-06-03T17:54:15+00:00","breadcrumb":{"@id":"https:\/\/biza-coast.com\/#breadcrumb"},"inLanguage":"fr-FR","potentialAction":[{"@type":"ReadAction","target":["https:\/\/biza-coast.com\/"]}]},{"@type":"ImageObject","inLanguage":"fr-FR","@id":"https:\/\/biza-coast.com\/#primaryimage","url":"https:\/\/biza-coast.com\/wp-content\/uploads\/2025\/06\/IMG-20250603-WA0010.jpg","contentUrl":"https:\/\/biza-coast.com\/wp-content\/uploads\/2025\/06\/IMG-20250603-WA0010.jpg","width":1280,"height":960},{"@type":"BreadcrumbList","@id":"https:\/\/biza-coast.com\/#breadcrumb","itemListElement":[{"@type":"ListItem","position":1,"name":"Accueil","item":"https:\/\/biza-coast.com\/"},{"@type":"ListItem","position":2,"name":"Homepage"}]},{"@type":"WebSite","@id":"https:\/\/biza-coast.com\/#website","url":"https:\/\/biza-coast.com\/","name":"BiZa Coast","description":"","publisher":{"@id":"https:\/\/biza-coast.com\/#organization"},"potentialAction":[{"@type":"SearchAction","target":{"@type":"EntryPoint","urlTemplate":"https:\/\/biza-coast.com\/?s={search_term_string}"},"query-input":{"@type":"PropertyValueSpecification","valueRequired":true,"valueName":"search_term_string"}}],"inLanguage":"fr-FR"},{"@type":"Organization","@id":"https:\/\/biza-coast.com\/#organization","name":"BiZa Coast","url":"https:\/\/biza-coast.com\/","logo":{"@type":"ImageObject","inLanguage":"fr-FR","@id":"https:\/\/biza-coast.com\/#\/schema\/logo\/image\/","url":"https:\/\/biza-coast.com\/wp-content\/uploads\/2025\/06\/cropped-a-logo-design-featuring-a-flowing-elegan_P3ZLV_SqQwu2HespQgzxpA_7s5iTuAUQP6lYK8U5Eum6w.jpeg","contentUrl":"https:\/\/biza-coast.com\/wp-content\/uploads\/2025\/06\/cropped-a-logo-design-featuring-a-flowing-elegan_P3ZLV_SqQwu2HespQgzxpA_7s5iTuAUQP6lYK8U5Eum6w.jpeg","width":720,"height":658,"caption":"BiZa Coast"},"image":{"@id":"https:\/\/biza-coast.com\/#\/schema\/logo\/image\/"}}]}},"_links":{"self":[{"href":"https:\/\/biza-coast.com\/index.php\/wp-json\/wp\/v2\/pages\/9","targetHints":{"allow":["GET"]}}],"collection":[{"href":"https:\/\/biza-coast.com\/index.php\/wp-json\/wp\/v2\/pages"}],"about":[{"href":"https:\/\/biza-coast.com\/index.php\/wp-json\/wp\/v2\/types\/page"}],"author":[{"embeddable":true,"href":"https:\/\/biza-coast.com\/index.php\/wp-json\/wp\/v2\/users\/1"}],"replies":[{"embeddable":true,"href":"https:\/\/biza-coast.com\/index.php\/wp-json\/wp\/v2\/comments?post=9"}],"version-history":[{"count":8,"href":"https:\/\/biza-coast.com\/index.php\/wp-json\/wp\/v2\/pages\/9\/revisions"}],"predecessor-version":[{"id":124,"href":"https:\/\/biza-coast.com\/index.php\/wp-json\/wp\/v2\/pages\/9\/revisions\/124"}],"wp:attachment":[{"href":"https:\/\/biza-coast.com\/index.php\/wp-json\/wp\/v2\/media?parent=9"}],"curies":[{"name":"wp","href":"https:\/\/api.w.org\/{rel}","templated":true}]}}